{"id":27869,"date":"2020-04-06T09:32:54","date_gmt":"2020-04-06T07:32:54","guid":{"rendered":"https:\/\/www.mykoplan.ch\/?post_type=product&#038;p=27869"},"modified":"2024-09-10T09:14:04","modified_gmt":"2024-09-10T07:14:04","slug":"la-mycotherapie-en-medecine-veterinaire-disponible-uniquement-en-allemand","status":"publish","type":"product","link":"https:\/\/myko.webdesign-projekte.ch\/fr\/shop\/accessoires\/la-mycotherapie-en-medecine-veterinaire-disponible-uniquement-en-allemand\/","title":{"rendered":"Die Mykotherapie in der Veterin\u00e4rmedizin (disponible uniquement en allemand)"},"content":{"rendered":"<p>Vitalpilze sind bereits seit \u00fcber 4000 Jahren in der fern\u00f6stlichen Volksmedizin als \u201e\u00e4lteste Naturmedizin\u201c bekannt. Mit zum Teil verbl\u00fcffenden Erfolgen wurden Pilze sowohl zur Prophylaxe als auch zur Linderung zahlreicher Erkrankungen eingesetzt. Bedingt durch das breite Wirkspektrum der Vitalpilze gerieten diese bis heute nie in Vergessenheit und wurden umfassend wissenschaftlich untersucht. Klinische Studien best\u00e4tigten, was die Menschheit schon vor Tausenden Jahren wusste. Dank der zahlreich vorliegenden Studien- und Forschungsergebnisse z\u00e4hlt die Mykotherapie nun nicht l\u00e4nger zu den Au\u00dfenseitermethoden der Alternativmedizin.<\/p>\n<p>Erleben Sie in diesem \u00fcberarbeiteten und um ein Kompendium erweiterten Buch die faszinierende Welt der Vitalpilze und der Mykotherapie, die sich als ganzheitliches, praxiserprobtes Therapiekonzept im Bereich der alternativen Veterin\u00e4rheilkunde sowie der TCM erwiesen hat.<\/p>\n","protected":false},"excerpt":{"rendered":"<p>DAS KOMPENDIUM \u00fcberarbeitete und erweiterte Auflage <em>Autor: Petra Scharl<\/em><\/p>\n","protected":false},"author":240,"featured_media":26126,"comment_status":"open","ping_status":"closed","template":"","meta":{"_coblocks_attr":"","_coblocks_dimensions":"","_coblocks_responsive_height":"","_coblocks_accordion_ie_support":""},"product_brand":[],"product_cat":[90],"product_tag":[],"class_list":{"0":"post-27869","1":"product","2":"type-product","3":"status-publish","4":"has-post-thumbnail","6":"product_cat-accessoires","7":"sales-flash-overlay","8":"woocommerce-text-align-center","9":"woocommerce-image-align-center","10":"do-quantity-buttons","11":"wc-has-gallery","13":"first","14":"instock","15":"taxable","16":"shipping-taxable","17":"purchasable","18":"product-type-simple"},"_links":{"self":[{"href":"https:\/\/myko.webdesign-projekte.ch\/fr\/wp-json\/wp\/v2\/product\/27869","targetHints":{"allow":["GET"]}}],"collection":[{"href":"https:\/\/myko.webdesign-projekte.ch\/fr\/wp-json\/wp\/v2\/product"}],"about":[{"href":"https:\/\/myko.webdesign-projekte.ch\/fr\/wp-json\/wp\/v2\/types\/product"}],"author":[{"embeddable":true,"href":"https:\/\/myko.webdesign-projekte.ch\/fr\/wp-json\/wp\/v2\/users\/240"}],"replies":[{"embeddable":true,"href":"https:\/\/myko.webdesign-projekte.ch\/fr\/wp-json\/wp\/v2\/comments?post=27869"}],"wp:featuredmedia":[{"embeddable":true,"href":"https:\/\/myko.webdesign-projekte.ch\/fr\/wp-json\/wp\/v2\/media\/26126"}],"wp:attachment":[{"href":"https:\/\/myko.webdesign-projekte.ch\/fr\/wp-json\/wp\/v2\/media?parent=27869"}],"wp:term":[{"taxonomy":"product_brand","embeddable":true,"href":"https:\/\/myko.webdesign-projekte.ch\/fr\/wp-json\/wp\/v2\/product_brand?post=27869"},{"taxonomy":"product_cat","embeddable":true,"href":"https:\/\/myko.webdesign-projekte.ch\/fr\/wp-json\/wp\/v2\/product_cat?post=27869"},{"taxonomy":"product_tag","embeddable":true,"href":"https:\/\/myko.webdesign-projekte.ch\/fr\/wp-json\/wp\/v2\/product_tag?post=27869"}],"curies":[{"name":"wp","href":"https:\/\/api.w.org\/{rel}","templated":true}]}}

Die Mykotherapie in der Veterinärmedizin (disponible uniquement en allemand)

<p>Vitalpilze sind bereits seit über 4000 Jahren in der fernöstlichen Volksmedizin als „älteste Naturmedizin“ bekannt. Mit zum Teil verblüffenden Erfolgen wurden Pilze sowohl zur Prophylaxe als auch zur Linderung zahlreicher Erkrankungen eingesetzt. Bedingt durch das breite Wirkspektrum der Vitalpilze gerieten diese bis heute nie in Vergessenheit und wurden umfassend wissenschaftlich untersucht. Klinische Studien bestätigten, was die Menschheit schon vor Tausenden Jahren wusste. Dank der zahlreich vorliegenden Studien- und Forschungsergebnisse zählt die Mykotherapie nun nicht länger zu den Außenseitermethoden der Alternativmedizin.</p>
<p>Erleben Sie in diesem überarbeiteten und um ein Kompendium erweiterten Buch die faszinierende Welt der Vitalpilze und der Mykotherapie, die sich als ganzheitliches, praxiserprobtes Therapiekonzept im Bereich der alternativen Veterinärheilkunde sowie der TCM erwiesen hat.</p>

<p>DAS KOMPENDIUM überarbeitete und erweiterte Auflage <em>Autor: Petra Scharl</em></p>
