{"id":26477,"date":"2018-06-26T15:46:25","date_gmt":"2018-06-26T13:46:25","guid":{"rendered":"https:\/\/www.mykoplan.ch\/?page_id=26477"},"modified":"2024-07-04T16:32:13","modified_gmt":"2024-07-04T14:32:13","slug":"impressum-mentions-legales-et-clause-de-non-responsabilite","status":"publish","type":"page","link":"https:\/\/myko.webdesign-projekte.ch\/fr\/impressum-mentions-legales-et-clause-de-non-responsabilite\/","title":{"rendered":"Impressum, mentions l\u00e9gales et clause de non-responsabilit\u00e9"},"content":{"rendered":"\n<h2 class=\"wp-block-heading\">Impressum et mentions l\u00e9gales<\/h2>\n\n\n\n<p><strong>Mykoplan\u00ae Vitalpilze Schweiz AG<\/strong><br>Am Sunnehang 3e<br>8486 Rikon<br>Suisse<\/p>\n\n\n\n<p>T\u00e9l\u00e9phone :\u00a0<a href=\"tel:+41523832929\">052 383 29 29<\/a><\/p>\n\n\n\n<p>Adresse e-mail : <a href=\"&#109;&#x61;&#x69;l&#116;&#x6f;:&#105;&#x6e;f&#111;&#x40;m&#121;&#x6b;&#x6f;&#112;&#x6c;&#x61;n&#46;&#x63;h\">&#x69;&#x6e;&#x66;&#x6f;&#x40;&#x6d;&#x79;&#x6b;&#x6f;&#x70;&#x6c;&#x61;&#x6e;&#x2e;&#x63;&#x68;<\/a><\/p>\n\n\n\n<p>Site Web :\u00a0<a href=\"https:\/\/www.mykoplan.ch\/\" rel=\"noopener\">www.mykoplan.ch<\/a><\/p>\n\n\n\n<p>Conception et d\u00e9veloppement web :\u00a0<a href=\"https:\/\/8020webdesign.ch\/\" target=\"_blank\" rel=\"noreferrer noopener\">80\/20 Webdesign &amp; SEO Webagentur<\/a><\/p>\n\n\n\n<p>Ic\u00f4nes de paiement de <a href=\"https:\/\/50north.de\/kostenlose-payment-icons-fuer-den-europaeischen-markt\/\" target=\"_blank\" rel=\"noreferrer noopener\">50\u00b0NORTH<\/a>, sous licence\u00a0<a href=\"https:\/\/creativecommons.org\/licenses\/by\/4.0\/\" target=\"_blank\" rel=\"noreferrer noopener\">CC BY<\/a>.<\/p>\n\n\n\n<h2 class=\"wp-block-heading\">Clause de non-responsabilit\u00e9<\/h2>\n\n\n\n<h3 class=\"wp-block-heading\">Cession de l\u2019utilisation<\/h3>\n\n\n\n<p>Toutes les informations, documents et pr\u00e9sentations publi\u00e9s sur le pr\u00e9sent site sont la propri\u00e9t\u00e9 exclusive de Mykoplan\u00ae Vitalpilze Schweiz AG. L\u2019autorisation de les utiliser est soumise \u00e0 la condition que la mention du copyright apparaisse sur toutes les copies, que l\u2019utilisation des informations soit strictement personnelle et ne fasse l\u2019objet d\u2019aucune exploitation commerciale, et que les informations ne soient en aucun cas modifi\u00e9es.<\/p>\n\n\n\n<h3 class=\"wp-block-heading\">Marques et droits d\u2019auteur<\/h3>\n\n\n\n<p>Toutes les marques cit\u00e9es sur ce site sont la propri\u00e9t\u00e9 de Mykoplan\u00ae Vitalpilze Schweiz AG. L\u2019utilisation non autoris\u00e9e de ces marques ou de tout autre mat\u00e9riel est express\u00e9ment interdite et constitue une violation des droits d\u2019auteur, des droits de marque ou de tout autre droit de propri\u00e9t\u00e9.<\/p>\n\n\n\n<h3 class=\"wp-block-heading\">Limitation de responsabilit\u00e9<\/h3>\n\n\n\n<p>Mykoplan\u00ae Vitalpilze Schweiz AG a rassembl\u00e9 les informations que vous trouvez sur ce site Internet \u00e0 partir de sources internes et externes, en toute conscience et avec diligence professionnelle. Nous nous effor\u00e7ons d\u2019\u00e9largir et d\u2019actualiser en permanence cette offre d\u2019informations. Les informations contenues sur ce site Web servent uniquement \u00e0 pr\u00e9senter Mykoplan\u00ae Vitalpilze Schweiz AG et ses produits et services. Nous ne garantissons toutefois pas &#8211; ni explicitement ni implicitement &#8211; l\u2019exhaustivit\u00e9 ou l\u2019exactitude des informations contenues dans ce site. Veuillez noter que ces informations \u00e9taient \u00e0 jour lors de la date de leur publication, mais qu\u2019elles peuvent maintenant \u00eatre obsol\u00e8tes. Pour cette raison, nous vous conseillons de v\u00e9rifier les informations que vous obtenez sur ce site avant de les utiliser, de quelque mani\u00e8re que ce soit.<\/p>\n","protected":false},"excerpt":{"rendered":"<p>Impressum et mentions l\u00e9gales Mykoplan\u00ae Vitalpilze Schweiz AGAm Sunnehang 3e8486 RikonSuisse T\u00e9l\u00e9phone :\u00a0052 383 29 29 Adresse e-mail : i&#110;&#x66;&#x6f;&#x40;m&#121;&#x6b;&#x6f;&#x70;l&#97;&#x6e;&#x2e;&#x63;h Site Web :\u00a0www.mykoplan.ch Conception et d\u00e9veloppement web :\u00a080\/20 Webdesign &amp; SEO Webagentur Ic\u00f4nes de paiement de 50\u00b0NORTH, sous licence\u00a0CC BY. Clause de non-responsabilit\u00e9 Cession de l\u2019utilisation Toutes les informations, documents et pr\u00e9sentations publi\u00e9s sur le &#8230; <a title=\"Impressum, mentions l\u00e9gales et clause de non-responsabilit\u00e9\" class=\"read-more\" href=\"https:\/\/myko.webdesign-projekte.ch\/fr\/impressum-mentions-legales-et-clause-de-non-responsabilite\/\" aria-label=\"En savoir plus sur Impressum, mentions l\u00e9gales et clause de non-responsabilit\u00e9\">Lire la suite<\/a><\/p>\n","protected":false},"author":240,"featured_media":0,"parent":0,"menu_order":0,"comment_status":"closed","ping_status":"closed","template":"","meta":{"_coblocks_attr":"","_coblocks_dimensions":"","_coblocks_responsive_height":"","_coblocks_accordion_ie_support":"","footnotes":""},"class_list":["post-26477","page","type-page","status-publish"],"_links":{"self":[{"href":"https:\/\/myko.webdesign-projekte.ch\/fr\/wp-json\/wp\/v2\/pages\/26477","targetHints":{"allow":["GET"]}}],"collection":[{"href":"https:\/\/myko.webdesign-projekte.ch\/fr\/wp-json\/wp\/v2\/pages"}],"about":[{"href":"https:\/\/myko.webdesign-projekte.ch\/fr\/wp-json\/wp\/v2\/types\/page"}],"author":[{"embeddable":true,"href":"https:\/\/myko.webdesign-projekte.ch\/fr\/wp-json\/wp\/v2\/users\/240"}],"replies":[{"embeddable":true,"href":"https:\/\/myko.webdesign-projekte.ch\/fr\/wp-json\/wp\/v2\/comments?post=26477"}],"version-history":[{"count":1,"href":"https:\/\/myko.webdesign-projekte.ch\/fr\/wp-json\/wp\/v2\/pages\/26477\/revisions"}],"predecessor-version":[{"id":26478,"href":"https:\/\/myko.webdesign-projekte.ch\/fr\/wp-json\/wp\/v2\/pages\/26477\/revisions\/26478"}],"wp:attachment":[{"href":"https:\/\/myko.webdesign-projekte.ch\/fr\/wp-json\/wp\/v2\/media?parent=26477"}],"curies":[{"name":"wp","href":"https:\/\/api.w.org\/{rel}","templated":true}]}}

Impressum, mentions légales et clause de non-responsabilité

<h2 class="wp-block-heading">Impressum et mentions légales</h2>



<p><strong>Mykoplan® Vitalpilze Schweiz AG</strong><br>Am Sunnehang 3e<br>8486 Rikon<br>Suisse</p>



<p>Téléphone : <a href="tel:+41523832929">052 383 29 29</a></p>



<p>Adresse e-mail : <a href="&#109;&#x61;&#x69;l&#116;&#x6f;:&#105;&#x6e;f&#111;&#x40;m&#121;&#x6b;&#x6f;&#112;&#x6c;&#x61;n&#46;&#x63;h">&#x69;&#x6e;&#x66;&#x6f;&#x40;&#x6d;&#x79;&#x6b;&#x6f;&#x70;&#x6c;&#x61;&#x6e;&#x2e;&#x63;&#x68;</a></p>



<p>Site Web : <a href="https://www.mykoplan.ch/" rel="noopener">www.mykoplan.ch</a></p>



<p>Conception et développement web : <a href="https://8020webdesign.ch/" target="_blank" rel="noreferrer noopener">80/20 Webdesign &amp; SEO Webagentur</a></p>



<p>Icônes de paiement de <a href="https://50north.de/kostenlose-payment-icons-fuer-den-europaeischen-markt/" target="_blank" rel="noreferrer noopener">50°NORTH</a>, sous licence <a href="https://creativecommons.org/licenses/by/4.0/" target="_blank" rel="noreferrer noopener">CC BY</a>.</p>



<h2 class="wp-block-heading">Clause de non-responsabilité</h2>



<h3 class="wp-block-heading">Cession de l’utilisation</h3>



<p>Toutes les informations, documents et présentations publiés sur le présent site sont la propriété exclusive de Mykoplan® Vitalpilze Schweiz AG. L’autorisation de les utiliser est soumise à la condition que la mention du copyright apparaisse sur toutes les copies, que l’utilisation des informations soit strictement personnelle et ne fasse l’objet d’aucune exploitation commerciale, et que les informations ne soient en aucun cas modifiées.</p>



<h3 class="wp-block-heading">Marques et droits d’auteur</h3>



<p>Toutes les marques citées sur ce site sont la propriété de Mykoplan® Vitalpilze Schweiz AG. L’utilisation non autorisée de ces marques ou de tout autre matériel est expressément interdite et constitue une violation des droits d’auteur, des droits de marque ou de tout autre droit de propriété.</p>



<h3 class="wp-block-heading">Limitation de responsabilité</h3>



<p>Mykoplan® Vitalpilze Schweiz AG a rassemblé les informations que vous trouvez sur ce site Internet à partir de sources internes et externes, en toute conscience et avec diligence professionnelle. Nous nous efforçons d’élargir et d’actualiser en permanence cette offre d’informations. Les informations contenues sur ce site Web servent uniquement à présenter Mykoplan® Vitalpilze Schweiz AG et ses produits et services. Nous ne garantissons toutefois pas &#8211; ni explicitement ni implicitement &#8211; l’exhaustivité ou l’exactitude des informations contenues dans ce site. Veuillez noter que ces informations étaient à jour lors de la date de leur publication, mais qu’elles peuvent maintenant être obsolètes. Pour cette raison, nous vous conseillons de vérifier les informations que vous obtenez sur ce site avant de les utiliser, de quelque manière que ce soit.</p>

<p>Impressum et mentions légales Mykoplan® Vitalpilze Schweiz AGAm Sunnehang 3e8486 RikonSuisse Téléphone : 052 383 29 29 Adresse e-mail : i&#110;&#x66;&#x6f;&#x40;m&#121;&#x6b;&#x6f;&#x70;l&#97;&#x6e;&#x2e;&#x63;h Site Web : www.mykoplan.ch Conception et développement web : 80/20 Webdesign &amp; SEO Webagentur Icônes de paiement de 50°NORTH, sous licence CC BY. Clause de non-responsabilité Cession de l’utilisation Toutes les informations, documents et présentations publiés sur le &#8230; <a title="Impressum, mentions légales et clause de non-responsabilité" class="read-more" href="https://myko.webdesign-projekte.ch/fr/impressum-mentions-legales-et-clause-de-non-responsabilite/" aria-label="En savoir plus sur Impressum, mentions légales et clause de non-responsabilité">Lire la suite</a></p>
